(-1). Calculate the greatest common divisor of n and r.
26
Let a be (-11)/8 - -1 - 47025/(-600). Calculate the highest common divisor of a and 12.
6
Let l(r) = 2*r**2 + 25. Let q be l(0). Calculate the greatest common factor of q and 275.
25
Let g(x) = x**2 - 3*x. Let w = 10 - 7. Suppose w*t = -t + 16. Let j be g(t). What is the highest common divisor of 4 and j?
4
Let v = -77 - -150. Let b = -67 + v. What is the greatest common factor of b and 6?
6
Let h be (-4)/6 - 370/(-15). Suppose -44*q + 40*q = -h. What is the greatest common factor of q and 54?
6
Suppose u = 8*u - 252. Let o be 4/((-1)/1)*297/(-22). Calculate the greatest common divisor of u and o.
18
Let p be ((-1)/(-4))/((-3)/(-204)). What is the highest common factor of 289 and p?
17
Suppose -3*a = -3*b + 243, b + 0*a - 3*a - 73 = 0. What is the highest common factor of 45 and b?
5
Let n = -17 - 5. Let d = n - -32. Calculate the highest common factor of 10 and d.
10
Let p = -5 + 5. Suppose p = -2*i + 3*i - 69. Let u = -44 - -90. What is the greatest common factor of u and i?
23
Let s(n) be the second derivative of -n**5/20 - 3*n**4/2 - 10*n**3/3 - 7*n**2/2 + 3*n + 3. Let y be s(-17). Calculate the highest common factor of 110 and y.
22
Let r = 1238 + -888. Let i be 28/2*10/4. What is the highest common divisor of i and r?
35
Let a(y) be the first derivative of 2*y**3 + 9*y**2 + 24. Let w be a(-8). What is the highest common factor of 30 and w?
30
Let m(r) = r**2 + r - 24. Let p be m(8). What is the highest common factor of 24 and p?
24
Let q(a) = 44*a - 8. Let v be (1 - (-1 - -5))/(60/(-40)). Let w be q(v). Calculate the highest common divisor of w and 10.
10
Let f(d) = d**3 - 42*d**2 + 82*d - 38. Let c be f(40). What is the greatest common divisor of 322 and c?
14
Let i = 5 + 0. Suppose 0 = i*c, -20 = -2*k - 2*c - 0*c. Let q(f) = f**2 - 10*f + 12. Let g be q(k). Calculate the highest common factor of g and 132.
12
Let v(p) = 3*p**2 - p - 2. Let u be v(5). Suppose 4*n = 3*n + u. What is the highest common divisor of 17 and n?
17
Suppose -15*n = -0*n + 30. Let c be -1 - n - (-2 + 2 + -89). Calculate the highest common divisor of c and 15.
15
Suppose -5*k = -2 - 13. Suppose -t + 2*z - z = -9, 0 = -k*t - z + 15. Calculate the highest common divisor of 9 and t.
3
Let f(s) = 7*s - 14. Let h be f(7). Let o(q) = -11*q - 28. Let v be o(-3). Calculate the greatest common factor of h and v.
5
Let s(u) = u**3 - 9*u**2 - 2*u - 7. Let n be s(-8). Let j be n/(-91) + (-1)/(-7). Suppose -9*i - 54 = -j*i. Calculate the highest common divisor of i and 144.
18
Suppose 0 = 7*p - 2*p - 120. Suppose 0*o + o - 3 = -3*q, p = 3*o + 4*q. Let a be (-27)/(-2)*(0 + 8). What is the greatest common factor of o and a?
12
Let v be (-10083)/(-30) + (-28)/280. Calculate the greatest common divisor of 6 and v.
6
Let b(x) = -3*x**3 + 4*x**2 + 7*x + 16. Let v be b(-3). What is the highest common factor of 28 and v?
28
Suppose -4*u + 78 = -7*r + 5*r, 0 = 2*u + 5*r - 45. Calculate the highest common factor of u and 860.
20
Suppose 2*o + i = 115, -3*o + 2*i - 41 = -203. Let x = 3 + -1. Let c be x - 1*(0 - 5). What is the greatest common divisor of o and c?
7
Let o be ((-15)/(-2))/(24/448). What is the greatest common factor of 20 and o?
20
Let r(w) = w**2 + 2*w - 60. Let b be r(-10). What is the greatest common factor of b and 25?
5
Suppose 25*a + 5*l = 22*a + 290, -94 = -a - l. What is the highest common factor of a and 60?
30
Let p(r) = 2*r**3 - 73*r**2 + 7*r - 18. Let o be p(37). Calculate the greatest common factor of 46 and o.
46
Suppose -336 - 24 = 10*p. Let l = -14 - p. What is the greatest common factor of l and 132?
22
Suppose -12*z = 12*z - 96. Let v(j) = j**3 + 12. Let t be v(0). Calculate the greatest common factor of z and t.
4
Let m = -99 + 101. Let a be -1*-2*(-3)/m*-15. Calculate the highest common divisor of 9 and a.
9
Let c(b) = 5*b**2 + 62*b. Let q be c(-13). Calculate the highest common factor of q and 156.
39
Suppose 0 = -2*d + 6, 2*g - 2*d - 105 + 23 = 0. Let c(k) = 69*k - 3. Let q be c(1). What is the highest common divisor of g and q?
22
Suppose -3*s - 23760 = -25*s. What is the greatest common divisor of 80 and s?
40
Let u be 1 + (0 - -3 - -12) + 2. Calculate the highest common factor of u and 18.
18
Let d be (26/(-7))/(1/(-14)). What is the highest common divisor of d and 13?
13
Suppose t + 4 = 3*q - 4, -t = -5*q + 16. Let p be 59 + -14 - -3*1/(-3). What is the highest common factor of t and p?
4
Suppose -4*s + 0*w - 4*w = -24, s + 14 = -5*w. Let r(n) = -n**3 + 12*n**2 - 10*n - 4. Let k be r(s). Calculate the greatest common divisor of k and 7.
7
Let m be 1*(4 - -1)*-1. Let w be m + 19 + (1 - 0). Calculate the greatest common divisor of w and 75.
15
Let u be (-10)/(-50) + (-464)/(-5). Suppose 5*w - u = 97. Suppose 0 = n - w + 12. What is the highest common divisor of 65 and n?
13
Let g(a) = -300*a - 164. Let n be g(-1). What is the highest common factor of n and 119?
17
Let h(z) = 6*z**3. Let o be h(1). Let q = 11 - 7. Let y be 81/2*q/3. Calculate the highest common factor of o and y.
6
Let k be (-4)/((-4)/1 + (-630)/(-162)). What is the greatest common divisor of 45 and k?
9
Suppose 5*q = 3*s + 78 + 113, 0 = 4*q - 3*s - 154. Suppose b - q = -12. Calculate the greatest common factor of 50 and b.
25
Let a = -436 + 448. What is the highest common divisor of 204 and a?
12
Suppose 40*g - 13041 - 8799 = 0. Calculate the greatest common divisor of 468 and g.
78
Suppose -3*a + 12 = q, -a - 3*q - 12 = -8*q. Let m be -1*(-4)/(-12)*-12. Suppose -8 = -0*s - m*s. What is the highest common divisor of a and s?
1
Let o(n) = 522*n + 6. Let c be o(1). Calculate the highest common divisor of c and 16.
16
Let u be 2629/11 - (3 + 2). Calculate the greatest common divisor of 26 and u.
26
Suppose 3*c - 118 + 112 = 0. Calculate the highest common factor of c and 16.
2
Let s be 77 + 2 + -4 + (0 - -5). Let r(y) = -2*y - 6. Let d be r(-5). Let c be (-2)/4 + 42/d. Calculate the greatest common factor of s and c.
10
Let b be 87 + 12/(3/(-1)) + 7. Suppose 0 = -2*i + 7*i + 160. Let c = i + 47. Calculate the greatest common factor of b and c.
15
Suppose 73 - 103 = -5*r. Suppose k = 8 + r. Let y(m) = 2*m**2 - 7*m - 1. Let a be y(5). Calculate the greatest common divisor of a and k.
14
Let w(o) = -o**2 - 14*o - 4. Let v be w(-15). Let q = 6 - v. Calculate the highest common divisor of q and 200.
25
Suppose -h + 134 = -223. What is the greatest common factor of h and 102?
51
Let d be 212/18 + (-6)/(-27). Let x be 3 + (-10)/(-2 - 0). What is the highest common divisor of x and d?
4
Suppose 5*l + 31 = -2*a, -1 - 11 = -a + 3*l. Let x be (-4)/6*(-27)/2. Let y be (x + -3)*3 + a. What is the greatest common factor of 5 and y?
5
Let l be 3/2*(-24)/(3 + -4). Suppose 3*i = -c + 2*c + l, -2*i + c = -24. Suppose -5*b + 385 = 145. What is the highest common divisor of b and i?
12
Let p = -1029 + 1035. Calculate the greatest common factor of p and 12.
6
Suppose -4*m + 3*v + 657 = 0, v + 164 = m - 0*m. What is the greatest common divisor of 1045 and m?
55
Let h = 42 + -47. Let l = h - -19. What is the greatest common divisor of l and 7?
7
Let n be (-2)/(-5) - 13262/(-95). Calculate the greatest common divisor of 80 and n.
20
Suppose t - 3*l - 40 = 0, -3*t = 6*l - 2*l - 81. Suppose -r + 2*r - 8 = 0. Let v = 39 - r. Calculate the highest common factor of t and v.
31
Suppose 0 = -5*j - 4*u - 189 + 671, 2*j - 194 = -2*u. Suppose -3*i - 4*w + 136 = 0, -2*w - j = -2*i - 3*w. What is the highest common factor of i and 80?
16
Let z(s) = -s + 11. Let p be z(4). Let g(q) = 3*q - 4. Let k be g(p). What is the greatest common factor of k and 153?
17
Let v(d) be the first derivative of -d**3/3 + 19*d**2/2 - 34*d + 15. Let q be v(12). What is the highest common factor of 125 and q?
25
Let d = 4 + 2. Let s(u) = -6 + 8 + u + d. Let j be s(-5). What is the greatest common factor of 24 and j?
3
Suppose 13*j = 9*j + 48. Suppose 5*c - 15*c = -960. Calculate the greatest common divisor of c and j.
12
Let r be 0 - (0 - (-2 - -4)). Suppose -3*a + a = 0, -r*z + a = -40. Let u = 24 - z. Calculate the greatest common divisor of u and 6.
2
Let g be (-28)/(-6) - 3/(-9). Let v(z) = 136*z - 1315. Let n be v(10). What is the highest common factor of n and g?
5
Let r(j) 